 6*t(x) + 5*u(x). What is the remainder when 46 is divided by y(6)?
14
Suppose -54 = 5*t - 7*t. What is the remainder when t is divided by 15?
12
Suppose -5*a = -47 + 2. Suppose -136 = -4*i + w, 106 - 44 = 2*i + w. Calculate the remainder when i is divided by a.
6
Calculate the remainder when 1348/20 - 2/5 is divided by 17.
16
Let i(b) = 5*b**2 + b - 11. Let s = 0 - -5. What is the remainder when i(s) is divided by 30?
29
Suppose 2*k = -5*y - 34, 0*k - k - 32 = 5*y. Let x be ((-274)/3)/(y/9). Suppose -47 = -4*n + x. What is the remainder when n is divided by 16?
14
Let g = 8 - 2. Let q = -22 - -45. Calculate the remainder when q is divided by g.
5
Suppose 2 = -3*b + 68. Suppose 3*d + 5*n = 77, 5*n + b = 2*d + n. What is the remainder when d is divided by 5?
4
Suppose 29 - 1 = 4*m. Calculate the remainder when (-130)/4*(-4)/5 is divided by (3 + -5)/((-1)/m).
12
Suppose 3*v - 4*l = 226, 5*v - 3*l = -0*l + 373. Calculate the remainder when v is divided by 16.
10
Let q(h) = -11*h - 2. Suppose 3*r - 2*l + 11 = 0, 0*r + 3*l + 6 = -3*r. Calculate the remainder when q(-2) is divided by (-35)/r + 2/(-3).
9
Suppose -w + 4*j = w - 36, 2*w - j = 36. What is the remainder when w is divided by 7?
4
Suppose 3*i - 5*x = 47, -3*x + 46 = 2*i + x. Calculate the remainder when 36 is divided by i.
17
Suppose l = 1, 0 = -4*w + 5*l - 2*l + 9. Suppose -3*p + 3*v + 75 = 0, -w*p - 75 = -6*p + 5*v. Calculate the remainder when 73 is divided by p.
23
Let l(t) = 6*t - 4. Suppose 0 = -r - 4*f + 117, 4*r - 3*f - 2*f - 384 = 0. What is the remainder when r is divided by l(5)?
23
Let q(b) = b**2 - 2. Let p(k) = -5*k + 14. Let y(x) = x**3 + 8*x**2 + 6*x - 12. Let c be y(-7). What is the remainder when p(c) is divided by q(4)?
11
Suppose 5*z = z + 12. Suppose s + s - z*y = 47, 2*y - 32 = -2*s. Suppose -8 = 2*h + q - 83, -h + 36 = -q. What is the remainder when h is divided by s?
18
Suppose 0 = -4*w + 16 + 108. Suppose 2*t - 42 + 10 = 0. Calculate the remainder when w is divided by t.
15
Suppose 174 = 4*h - 14. Let d(j) = -5*j + 1. Suppose -3*b - 4 = y, 3*b + 15 = 5*y - 19. Calculate the remainder when h is divided by d(b).
15
Let z(p) = -2*p**3 + p**2 + 4*p + 3. Let i = 47 + 37. Suppose -i = -3*u - 0*u. What is the remainder when u is divided by z(-2)?
13
Let t = -31 + 51. Suppose -5*a + 2*i + 269 = 0, 3*a + 96 = 2*i + 255. Suppose 3*g - a = -2*g. What is the remainder when t is divided by g?
9
Suppose -3*c + 2 + 4 = 0. Let z be 2/(-1) + c + 2. Suppose 2 - 58 = -z*d. What is the remainder when d is divided by 10?
8
Suppose -5*r + 52 + 3 = 0. Calculate the remainder when 53 is divided by r.
9
Let s = 131 + -63. Let n = -17 - -40. What is the remainder when s is divided by n?
22
Let t(g) = -g**3 - g**2 + 4*g + 14. Calculate the remainder when 79 is divided by t(-3).
19
Let v = -115 + 207. Let x = v - 39. Calculate the remainder when x is divided by 18.
17
Let g(c) = 12*c - 4*c**2 - 6*c**2 - 13 - 2*c**3 + 3*c**3. Let j be g(9). Suppose -j = -3*k + 16. Calculate the remainder when k is divided by 6.
4
Suppose -5*p = -p - 32. Let b = -44 + 65. What is the remainder when b is divided by p?
5
Let d(k) = -2*k**2 + 31*k - 21. Calculate the remainder when d(13) is divided by 9.
8
Suppose 4*b - 89 = -3*l, -2*b + 15 = b. What is the remainder when 44 is divided by l?
21
Suppose -2*i = -50 - 4. What is the remainder when i is divided by 14?
13
Let c(z) = 3*z + 3. Let n be c(7). Let a = 40 - n. Calculate the remainder when 46 is divided by a.
14
Let i = -15 + 34. What is the remainder when i is divided by 5?
4
Suppose 0 = -g - 3*g. Suppose -t = -g*t - 12. Let j = 4 - -3. What is the remainder when t is divided by j?
5
Let f(v) = -3*v + 9. Suppose 6 = h - 4*y, -6*h = -2*h + 4*y + 36. Let z(n) = -n**3 - 6*n**2 - n + 7. What is the remainder when f(-5) is divided by z(h)?
11
Suppose -1 = f - 0. Let d = -8 + 11. What is the remainder when (-5)/f*(-1 - -2) is divided by d?
2
Let k(l) = -3*l**3 - 5*l**2 + 6*l + 3. Let m(h) = -7*h**3 - 10*h**2 + 13*h + 7. Let r(b) = -5*k(b) + 2*m(b). Calculate the remainder when r(-5) is divided by 7.
5
Suppose -2*c - 9 = -3*c. What is the remainder when c is divided by 5?
4
What is the remainder when 39 is divided by ((-7)/((-21)/(-4)))/((-4)/9)?
0
Let b = 52 + -25. What is the remainder when b is divided by 10?
7
Calculate the remainder when 17 is divided by (-2)/4 - 189/(-18).
7
Suppose -c - 3*c = -48. Suppose 0*k + 64 = -4*k. Let l = 38 + k. What is the remainder when l is divided by c?
10
Let v(w) = -3*w - 9. Suppose -4 = f + 2. Calculate the remainder when 40*(24/15)/4 is divided by v(f).
7
Suppose 2*j + 2*n + 6 = -0, -5 = 5*j - 5*n. Calculate the remainder when 7/(1*(-1)/j) is divided by 8.
6
Let q(c) = c + 2*c**2 + 4*c + 3 - 1 - 3*c. Calculate the remainder when q(-4) is divided by 15.
11
Let g(q) = -q**2 + 6*q - 5. Let a be g(4). Suppose a*c - 4*c + 40 = 0. Suppose -3*o + c = o. What is the remainder when 18 is divided by o?
8
Let c(r) = -r**2 - 4*r - 3. Let n be c(-2). Let t = 34 + n. Calculate the remainder when t is divided by 18.
17
Suppose 6*i - 92 = 22. Calculate the remainder when i is divided by 8.
3
Suppose -145 = -5*b + 5*m, 40*b + 4*m - 100 = 36*b. Suppose -4 = v, 0*l = 3*l - v - 25. What is the remainder when b is divided by l?
6
Suppose -25 + 7 = -t. Suppose -3*y + 130 = 2*y. What is the remainder when (-4 - -2)/((-1)/y) is divided by t?
16
Let y = -3 + -14. Let z = -2 - y. What is the remainder when 29 is divided by z?
14
Let j be (-1)/1 - (-2 + 1). Suppose l = -0*l + 4. Suppose j = -2*d + 3*z + 28, -32 = -2*d + l*z - 2*z. Calculate the remainder when d is divided by 11.
9
Suppose 2 = 5*b - 58. Calculate the remainder when ((-18)/b)/(1/(-4)) is divided by 4.
2
Let p(n) = -4*n**2. Let r be p(-1). Calculate the remainder when (-44)/12*(r + 1) is divided by 6.
5
What is the remainder when 43/2*(8 - 6) is divided by 15?
13
Let o = -17 - -24. Let v = 4 - 6. Calculate the remainder when 0 - v/(6/39) is divided by o.
6
Let z(r) = 2 + 1 + 7*r + 6*r**2 - 7*r**2. Let g = 107 - 73. Calculate the remainder when g is divided by z(6).
7
Suppose -4*w + w = 54. Calculate the remainder when 30 is divided by (-3)/w - 130/(-12).
8
Let c = 14 + 7. Let l = 127 + -84. What is the remainder when l is divided by (-2)/(-6) + 308/c?
13
Let g(i) = i + 11. Let h(p) = p + 12. Let u(w) = -6*g(w) + 5*h(w). Calculate the remainder when 8 is divided by u(-9).
2
Let j(h) = 35*h - 7. Let b be j(6). Calculate the remainder when b/5 - (-16)/40 is divided by 11.
8
Suppose -60 - 37 = -3*v - 2*o, 2*o = -v + 27. Calculate the remainder when v is divided by 18.
17
Suppose -t + 346 = 5*n, 5*t = -4*n + 3*n + 74. What is the remainder when n is divided by 19?
12
Suppose -3*z + 2 + 4 = 0. Calculate the remainder when 55 + 0*z/(-4) is divided by 19.
17
Suppose -d - 2*d = 12. Let n be (-6)/(-2) - d/2. Let u(m) = m**3 - 4*m**2 - 5*m + 3. What is the remainder when 5 is divided by u(n)?
2
Let r be (4 - 3)*(-1 + 2). Let g(t) = 40*t. Let n be g(r). Suppose -n = -3*k - 7. Calculate the remainder when 20 is divided by k.
9
Suppose 0*n + n - 20 = 0. Suppose 0 = 3*m + 104 - 713. Suppose -m = -4*b + 33. What is the remainder when b is divided by n?
19
Suppose -2*s + 4*m + 51 + 89 = 0, 0 = -4*s - m + 316. Let h = 23 - -4. What is the remainder when s is divided by h?
24
Let w(d) = -8*d**2 - 5*d + d**2 - d**3 - 4 + 3*d**2 + 0*d**3. Let c be w(-3). What is the remainder when (8/6)/(c/114) is divided by 26?
24
Let i be 12/8*8/3. Suppose -i*h = -5*w + w - 76, -3*h + 2*w = -55. Calculate the remainder when 33 is divided by h.
16
Let s be 5 - (1 - 4/(-2)). Suppose -s*l + 10 = -l. What is the remainder when 384/21 + (-2)/7 is divided by l?
8
Suppose 0*c = c. Suppose 4*s + 1 = -4*n + 77, c = n - 5*s - 13. What is the remainder when 53 is divided by n?
17
Let j(a) = a**3 - 16*a**2 + 3*a - 12. Calculate the remainder when 105 is divided by j(16).
33
Suppose 7*i - 168 + 105 = 0. Suppose 0 = -4*d - 0*d + 12. What is the remainder when i is divided by d?
0
Suppose 0 = 2*v + d + 6, -4*v - d = -6*v - 10. Let x be 33/(-44) - (-1)/v. Calculate the remainder when (3/(-5))/(x/45) is divided by 14.
13
Let c(d) = 9*d**2 + 4. Calculate the remainder when c(2) is divided by 11.
7
Let q(v) = -7*v - 1. Let a be q(-1). 